mmon divisor of 6 and a.
3
Suppose 0 = 4*o, 0*j + o = j - 2. Suppose 14 = -0*h + j*h. Calculate the highest common factor of 77 and h.
7
Suppose -p + 0*p = -133. Calculate the greatest common factor of 19 and p.
19
Let s(x) = x**2 - x + 2. Let h be s(5). Suppose 2*f + 13 = 5*c, 1 = -f - 3*c + h. What is the greatest common factor of f and 15?
3
Let x(m) be the third derivative of 7*m**6/120 + m**5/60 - m**4/24 + m**3/6 + 6*m**2. Let y be x(1). What is the greatest common factor of y and 12?
4
Let l be 14/4*(-12)/(-7). Suppose -4*k + 222 = -3*t, 2*t - l*t + 46 = k. Calculate the greatest common divisor of k and 81.
27
Suppose 0*v = -4*v - u + 380, 0 = -4*u - 16. What is the highest common factor of 16 and v?
16
Suppose y - 38 = 2*l, -y + l + 10 + 32 = 0. Suppose 2*f - y = -0*f. Let w = 41 - f. What is the highest common factor of 27 and w?
9
Suppose r - 14 = m - 4*m, -m + 4*r = -9. What is the highest common divisor of 5 and m?
5
Suppose -3 = 2*v - 4*z - 19, 0 = -3*v + z + 24. Let l = -5 + 17. What is the greatest common divisor of v and l?
4
Let x be 5/20 - 18/8. Let r be 14/21 - x/6. What is the greatest common factor of r and 9?
1
Let v = -85 - -121. Suppose 0 = -2*g - 3*y + 102, 0*g + 2*g - 110 = y. What is the greatest common divisor of g and v?
18
Let t be (-3 - (-1)/(-6)*20)*-6. What is the greatest common factor of 228 and t?
38
Suppose -2*h = -3*h + 2. Suppose 4*i = -o + 10, -2*i + h*o = 3*o - 4. Calculate the greatest common divisor of 3 and i.
3
Let n = -64 + 36. Let f = n + 56. Suppose -i - 350 = -6*i. What is the greatest common factor of f and i?
14
Let f be -2 + -3 - (1 - 3). Let z be (0 + 3)*(-2)/f. Calculate the greatest common divisor of 8 and z.
2
Let u(z) = z**3 - 5*z**2 - 4*z - 2. Let q be u(6). Calculate the highest common divisor of q and 80.
10
Let u = -47 + 119. Let w = -37 + u. What is the greatest common factor of 14 and w?
7
Let y be (69 + 4)/(-1 + 2). Let h = y + -34. What is the highest common factor of h and 13?
13
Suppose 21 = 5*d - 4*v, d - 6*d = -2*v - 23. Calculate the greatest common factor of d and 5.
5
Let o(s) = -s**3 - s**2 + 4*s - 1. Let u be o(-3). Let v(y) = y - 5. Let j be v(-5). Let c = j + 15. Calculate the greatest common factor of c and u.
5
Suppose -4 = 3*w - 40. Let k(t) = 59*t**2 + 1. Let a be k(-1). What is the highest common divisor of a and w?
12
Suppose 0*m - 5*t - 54 = -4*m, -5*t = -2*m + 22. Calculate the highest common factor of 80 and m.
16
Let p(k) = k. Let f be p(-1). Let m be 5*(6 + f - -2). Let x(r) = -r**3 + 3*r**2 + 2*r - 2. Let o be x(-2). What is the highest common factor of m and o?
7
Suppose 2*s + 30 = -s. Let u be (s/4*-2)/1. Suppose -2*g + 35 = -u*p, -2*g = -0*g + p - 17. Calculate the greatest common factor of 50 and g.
10
Suppose -1 = -2*k + 5. Let p be (-2)/(-1*2)*12. Suppose -p = -y - k. Calculate the greatest common divisor of 99 and y.
9
Suppose 308 = -2*o + 6*o. Let u be 22/(-4)*(5 + -7). Calculate the highest common factor of u and o.
11
Let a(z) = -2*z**2 - 4*z - 2. Let w be a(-5). Let j = 58 + w. Suppose 0 = -3*c + s + 18, -s - 2 = 4*c - j. What is the greatest common divisor of c and 42?
6
Let u be 1*-9*8/(-12). Suppose -s = -u*s + 175. Calculate the highest common divisor of 5 and s.
5
Suppose 0*a - 3*a = -156. Let f = 149 - 136. Calculate the highest common divisor of a and f.
13
Let l be (-5 + 2)/((-1)/1). Let x be (-1)/(3/l) - -28. Calculate the highest common divisor of 3 and x.
3
Let y(b) = 8*b - 4. Let h be y(3). Let p(j) = j**2 - 6*j - 12. Let x be p(9). Let n = 20 - x. Calculate the greatest common factor of h and n.
5
Let l(z) = 12*z**3 - z + 1. Let h be l(1). Let x = -156 - -824. Suppose -254 = -2*m + 5*w, m - x = -4*m - 4*w. What is the highest common factor of h and m?
12
Let t = -100 - -118. What is the greatest common divisor of 45 and t?
9
Let m(w) = -w**3 + 7*w**2 + 2*w - 3. Let j be m(7). Suppose -2*n = 5 + j. Let y = -2 - n. What is the greatest common divisor of y and 12?
6
Suppose 3*x + 30 = -4*i + 2, -4*x - 8 = -2*i. Let r(s) = -3*s**3 - 3*s**2 - 3*s + 0*s + 3*s. Let m be r(x). What is the highest common factor of m and 18?
18
Let j(k) = -11*k - 1. Let p be j(-1). What is the highest common factor of p and 5?
5
Let d = 20 + -33. Let h = -8 - d. What is the greatest common factor of h and 25?
5
Let o be ((-326)/(-12) - -2) + 17/(-102). Calculate the greatest common factor of o and 232.
29
Suppose 0 = -2*y + 12 - 4. Suppose -1 = 3*o - 4*o. Suppose -y*u = -7 - o. Calculate the highest common divisor of u and 8.
2
Suppose -4*n = 3*r - 113 + 1, 3*n + 3*r - 84 = 0. Suppose -k + 2*v = -4*k + 38, 2*k = 3*v + 34. Calculate the greatest common factor of k and n.
14
Suppose 17 = x + 5*a, -2*x + 0*x - 4*a + 28 = 0. Let s(d) = d**3 - 15*d**2 + 6. Let c be s(15). Calculate the highest common factor of x and c.
6
Let n be (-4)/10 - (-27)/5. Suppose 0 = -4*s + 15 + 25. Calculate the greatest common factor of n and s.
5
Let l be 8/52 + 856/13. What is the highest common factor of 44 and l?
22
Let t be (4 - 3)/(2/(-18)). Let d be (-3)/6 - t/2. Suppose 3*c = -2*n + 100, 187 = d*c + 2*n + 51. Calculate the highest common divisor of c and 4.
4
Let l be 0 + (0 - 1 - (-17 - -13)). Calculate the greatest common factor of 11 and l.
1
Let g(t) = t**2 + 3*t + 11. Let w be g(-9). Calculate the highest common factor of 13 and w.
13
Suppose 5*a - 5 = -0. Let g(q) = 37*q**3 - 1 + 0 + 0. Let b be g(a). Calculate the greatest common factor of b and 4.
4
Suppose 2*g = -2*t + 212, -3*t = -4*t + g + 114. Let c = 15 - -7. What is the highest common divisor of t and c?
22
Let g = 263 - -352. Let j = -335 + g. Suppose -4*r + 4*l = -2*r - 140, -4*r + 4*l + j = 0. What is the highest common factor of 14 and r?
14
Let j be ((-66)/(-4))/(66/88). Calculate the highest common divisor of 22 and j.
22
Let l(m) = 40*m**2 - 2*m - 1. Let q be l(-1). What is the greatest common divisor of 205 and q?
41
Let j(h) = -53*h - 3. Let f be j(-7). What is the greatest common factor of 46 and f?
46
Let b(z) = -z**2 + 7*z - 2. Let v be b(3). Suppose 2*o + 82 + 32 = -5*s, -3*s + 5*o = 87. Let h = 34 + s. What is the highest common factor of v and h?
10
Let l be 196/(-21)*6/(-4). Let o = 30 - l. Let k be (-16)/6*(-12 - 3). Calculate the highest common divisor of k and o.
8
Suppose -5*p - 3*w - 19 = w, -4*w = -4*p - 44. Suppose -5*z = 37 - 127. Let s = p + z. What is the greatest common factor of 33 and s?
11
Let b = 8 - 14. Let t be (-6)/9 + (-88)/b. Calculate the greatest common divisor of t and 98.
14
Suppose 4*b - p + 0*p = 103, -p = -b + 28. What is the highest common divisor of 75 and b?
25
Let b(m) = 2*m**3 - 2*m**2 + m. Let s be b(1). Suppose -4*k + 3 = -s. Let y = k - -2. Calculate the greatest common factor of 3 and y.
3
Let r(d) = d**3 - 20*d**2 - 39*d - 22. Let o be r(22). What is the greatest common factor of 11 and o?
11
Let y(v) = -2*v**2 + 34*v + 4. Let d be y(11). What is the greatest common divisor of 34 and d?
34
Suppose -2*b + 6 = 0, -8*t = -4*t + 4*b - 28. Let o(n) = 7*n - 1. Let a be o(3). What is the highest common factor of a and t?
4
Let x = 406 - 278. Calculate the highest common factor of 16 and x.
16
Let j = -41 - -57. Suppose k - 8 = -k. Let n be (-1 - -18) + (k - 5). Calculate the greatest common divisor of j and n.
16
Suppose 0 = 2*s - 4 - 2. Suppose -2 - 1 = -s*h. What is the greatest common factor of 5 and h?
1
Let n = -9 + 34. Let l(z) = z**2 + 9*z + 2. Let y be l(-9). Suppose y*v - 15 = -v. Calculate the highest common factor of v and n.
5
Let b = -39 + 84. Let g(u) = -u**3 + 5*u**2 + 7*u - 4. Let w be g(6). Suppose -3*h = w*h - 90. What is the highest common divisor of h and b?
9
Let g = 32 + -23. Calculate the highest common divisor of 6 and g.
3
Let h be (-38)/(-4) + 3/6. What is the highest common factor of 5 and h?
5
Let l = -16 + 20. Suppose 5*r - 2*r + 32 = 2*o, 31 = 3*o + l*r. What is the greatest common factor of 117 and o?
13
Suppose 26*q - 80 = 16*q. What is the highest common divisor of q and 1?
1
Let w = -45 - -120. Let k = w - 50. Suppose -188 - 12 = -4*x. What is the greatest common divisor of x and k?
25
Suppose -3*o - 5*p + 38 = 0, 2*o + 4*p = 5*o - 56. Calculate the greatest common divisor of 64 and o.
16
Suppose 0 = -3*k, 5*p - 184 = 5*k + 56. Let